11121 (base 3) to base 4.
-132311323210
Convert -25510 (base 10) to base 2.
-110001110100110
What is 1db63 (base 15) in base 7?
552666
What is 2113330120 (base 4) in base 7?
5201314
What is -360116 (base 12) in base 2?
-11010100101010100010
854706 (base 11) to base 12
55b666
Convert 4075808 (base 9) to base 14.
409000
What is -4302530 (base 9) in base 13?
-6290b5
466465 (base 11) to base 2
10110100110011101111
What is -210112110010 (base 3) in base 2?
-1100111011111000100
What is -9720b (base 14) in base 7?
-3051114
-171504 (base 10) to base 9
-281230
Convert 2055021 (base 7) to base 2.
111100110011001001
Convert 11214d (base 15) to base 6.
25302344
Convert 2712a44 (base 12) to base 4.
131201201110
Convert 1685047 (base 9) to base 6.
32104411
What is -270611 (base 8) in base 10?
-94601
What is 2224181 (base 10) in base 8?
10370065
What is -31440004 (base 5) in base 16?
-40b2c
What is 2000020011 (base 3) in base 11?
27779
What is -1556135 (base 9) in base 4?
-3102323222
What is -100011010000110010000 (base 2) in base 16?
-11a190
-19e86 (base 15) to base 4
-110210310
Convert -12526512 (base 7) to base 3.
-2011102111020
What is -1550922 (base 10) in base 11?
-96a25a
-15412500 (base 6) to base 16
-855b4
Convert -11001101000101011 (base 2) to base 16.
-19a2b
Convert 244000 (base 7) to base 4.
22320232
What is 6aa65 (base 11) in base 5?
11234222
113f0 (base 16) to base 3
10120220022
-152329 (base 10) to base 5
-14333304
What is 1140210 (base 5) in base 16?
5339
What is 20a6a76 (base 11) in base 3?
20221220211000
What is -111010001001111110001 (base 2) in base 6?
-104502241
Convert -1254343 (base 7) to base 8.
-501722
Convert -311221440 (base 5) to base 6.
-43143122
What is -3421054 (base 6) in base 9?
-284507
Convert -7bbd2 (base 14) to base 13.
-a7285
What is 32150241 (base 6) in base 5?
220304343
What is 3a54c3 (base 13) in base 6?
50125501
What is 14227 (base 12) in base 16?
6d3f
Convert -135474 (base 8) to base 7.
-256513
122111200121 (base 3) to base 7
2633431
3104011112 (base 5) to base 2
11000000101010101000010
2c354 (base 13) to base 7
500036
Convert 3311003323 (base 4) to base 5.
224110041
What is 2473234 (base 12) in base 13?
1622b15
What is 44274 (base 13) in base 4?
132021021
Convert 13011310311 (base 4) to base 9.
3442800
What is 376669 (base 14) in base 12?
777731
Convert 1322331432 (base 5) to base 16.
32b858
-2132426 (base 7) to base 11
-168555
21032222103 (base 4) to base 3
11112220201110
Convert 55271 (base 9) to base 13.
13903
-2222102021122 (base 3) to base 14
-2d2bbb
-3471570 (base 8) to base 9
-1703113
Convert 6a512 (base 11) to base 10.
101774
220103313311 (base 4) to base 5
10201122112
94a906 (base 13) to base 5
1342320003
Convert 104223010 (base 5) to base 9.
772337
What is 101020010200 (base 3) in base 13?
7081b
2b031 (base 14) to base 2
11010001000110011
What is -66041 (base 10) in base 7?
-363353
What is -328a06 (base 11) in base 2?
-10000000000000001011
What is -2110 (base 4) in base 12?
-104
-101111100101010 (base 2) to base 4
-11330222
What is 258347 (base 9) in base 4?
212111131
174850 (base 9) to base 6
2154413
What is -ca9c (base 16) in base 8?
-145234
What is 2334302 (base 5) in base 6?
531233
-15435213 (base 7) to base 8
-5532252
What is -202011001200 (base 3) in base 15?
-7c7b6
What is 8561a1 (base 11) in base 14?
2792d1
What is -466320 (base 8) in base 12?
-77b80
What is 1860823 (base 9) in base 2?
11111110110110011100
What is -27c074 (base 14) in base 3?
-2120222200212
12617 (base 12) to base 6
312031
What is -742314 (base 9) in base 2?
-1101011101111010101
Convert 21021212122 (base 3) to base 15.
2c7d2
-213101233 (base 4) to base 9
-264614
What is -110101000011111110 (base 2) in base 15?
-445e7
Convert 171a938 (base 13) to base 7.
120363426
54ac1 (base 14) to base 7
1513131
80c5aa (base 13) to base 15
3e3313
117da (base 15) to base 7
321424
-1928ab (base 13) to base 8
-2326565
-1020335 (base 6) to base 3
-2111201212
What is 2327333 (base 9) in base 6?
42550303
What is -61f70 (base 16) in base 14?
-a633a
Convert -131212 (base 13) to base 14.
-bd674
2170633 (base 13) to base 3
201020112021211
-85aa (base 11) to base 4
-2301231
What is -22202102210 (base 4) in base 9?
-5168538
What is 12012332203 (base 4) in base 16?
186fa3
465274 (base 10) to base 15
92cd4
Convert -31136 (base 13) to base 15.
-1b17e
Convert -3736207 (base 8) to base 13.
-2a1550
What is -8011b (base 15) in base 4?
-1202330003
What is 8810592 (base 10) in base 15?
b9082c
Convert -110100110100110101 (base 2) to base 15.
-4419d
12b50 (base 14) to base 6
553322
Convert 9171b (base 12) to base 10.
189383
What is 1354544 (base 6) in base 8?
227340
What is 70ba (base 15) in base 9?
35574
101010001110110100111011 (base 2) to base 14
168277d
What is -1131312010 (base 4) in base 6?
-12123324
What is 19de08 (base 15) in base 13?
352586
Convert 106452 (base 9) to base 10.
63794
Convert -25a1b3 (base 12) to base 14.
-121795
Convert 13332132 (base 4) to base 7.
164151
Convert 112002020111 (base 3) to base 12.
1144b7
Convert 1176550 (base 11) to base 4.
13302331201
-33a1a (base 11) to base 10
-49147
What is 100010221102101 (base 3) in base 16?
4a2a86
Convert 179a5 (base 13) to base 3.
2022112202
13706 (base 13) to base 12
19045
Convert -121240142 (base 5) to base 12.
-236741
-10522243 (base 7) to base 13
-25c86a
11030335 (base 6) to base 3
121210111212
What is 3dffc (base 16) in base 5?
31111243
Convert -106802 (base 9) to base 16.
-fa49
Convert -35436 (base 14) to base 5.
-13123200
Convert 23011132003 (base 4) to base 15.
3c6077
-2200212031 (base 4) to base 6
-22033221
Convert 1000011000110000110000 (base 2) to base 6.
115042332
What is -213084 (base 13) in base 14?
-163686
-187011 (base 11) to base 14
-76ac4
Convert -11401023 (base 6) to base 7.
-3020343
888767 (base 9) to base 11
333227
Convert 33223322 (base 4) to base 13.
23324
Convert 3a812 (base 15) to base 5.
21444232
-47b418 (base 12) to base 13
-318053
-110101001001001111101 (base 2) to base 11
-a8a405
What is 44313132 (base 5) in base 15?
792e7
-3707 (base 11) to base 16
-12ef
1001010011001110001101 (base 2) to base 13
674929
What is -14417374 (base 10) in base 7?
-233355106
What is -fd7c7 (base 16) in base 7?
-11553024
What is -305333 (base 8) in base 16?
-18adb
Convert 2003101230 (base 4) to base 15.
a94c3
222201100212 (base 3) to base 5
113312000
Convert 224215 (base 6) to base 13.
88c7
Convert -99977 (base 12) to base 5.
-23003223
-1646693 (base 10) to base 2
-110010010000001100101
1101111202011 (base 3) to base 7
6163312
Convert b8121 (base 12) to base 2.
111011000110101001
-11267 (base 10) to base 6
-124055
What is -1121000100021 (base 3) in base 5?
-204042434
Convert -3661234 (base 9) to base 8.
-7454451
-763b64 (base 12) to base 9
-3464344
Convert -59772 (base 12) to base 9.
-203045
-1487591 (base 15) to base 12
-4b86477
Convert 120101001010 (base 3) to base 14.
7c39b
What is 1c7352b (base 13) in base 11?
53a1853
Convert -25027157 (base 8) to base 13.
-11b215a
What is -332542 (base 8) in base 15?
-2329a
201001112212202 (base 3) to base 12
3485085
156474 (base 10) to base 15
31569
Convert -16a08 (base 13) to base 5.
-2342231
3513870 (base 9) to base 12
776b83
Convert 355148 (base 11) to base 5.
121010221
What is 1133613 (base 8) in base 12?
12aa8b
What is 110000011111010001111101 (base 2) in base 11?
71a1a99
Convert -d579b7 (base 14) to base 8.
-33370075
What is 36a03 (base 15) in base 5?
21040003
b117aa (base 12) to base 8
12420062
-11214313 (base 6) to base 14
-8d737
Convert 41202243 (base 5) to base 2.
1010001101101101010
What is -75058 (base 11) in base 8?
-325225
-189b1 (base 13) to base 15
-e26c
What is 14004 (base 5) in base 13?
68b
What is -1013314220 (base 5) in base 6?
-112433501
What is -47362 (base 10) in base 11?
-32647
What is 4183875 (base 9) in base 14?
424588
-9dbe4 (base 16) to base 11
-401489
-571330 (base 8) to base 14
-505cc
Convert -273403 (base 8) to base 4.
-113130003
Convert -11412110 (base 7) to base 9.
-1811538
130100330 (base 4) to base 7
661346
What is -3232607 (base 8) in base 3?
-1121222110220
What is -415436 (base 7) in base 6?
-1311155
530607 (base 8) to base 16
2b187
What is 12212202122 (base 3) in base 14?
30271
What is -5a9112 (base 11) in base 7?
-1112